 q(k) = 7*k**2 + 2*k - 1. Let c be q(1). Let g = 203 + c. List the prime factors of g.
211
Suppose 2*a = 11 + 3. Let x(t) = -8*t + 1. Let f(u) = 9*u - 1. Let j(n) = a*x(n) + 6*f(n). List the prime factors of j(-4).
3
Suppose 0 = -5*q + 4*q - 322. Let u = q + 526. List the prime factors of u.
2, 3, 17
Suppose -k + 2183 = -m, 8*k - 13*k + 3*m + 10915 = 0. What are the prime factors of k?
37, 59
Let u(a) = 4*a + 137. What are the prime factors of u(27)?
5, 7
List the prime factors of 13374/30*60/18.
2, 743
Let r(b) = -6*b + 9. Suppose -z + 0*x - 2*x = -2, 3*z = 4*x - 4. Let c be (-4 - -1)*(3 + z). What are the prime factors of r(c)?
3, 7
Suppose -a + 60 - 1017 = -2*h, 1440 = 3*h + 3*a. List the prime factors of h.
479
Let w = 39 - 24. Suppose w*l = 13*l + 66. List the prime factors of l.
3, 11
Suppose 14 = 2*o - 5*w - 12, 0 = -4*o + 3*w + 66. Suppose -k = -0*k - o. Suppose 4*t - 5*m - k = 78, 5*m = -3*t + 37. What are the prime factors of t?
19
Suppose -3*f + 599 = 5*d, -3*d + 125 = -2*d - 2*f. What are the prime factors of d?
11
List the prime factors of (-2)/(-8)*-3*15736/(-21).
2, 281
Suppose 0*b + 452 = 2*b - 3*m, m = 4*b - 894. List the prime factors of b.
223
Let u(q) = -q**2 + 13*q + 2. Let p be u(13). Suppose p*c + 22 + 18 = 0. List the prime factors of 8/c + (-234)/(-10).
23
List the prime factors of (-1384)/(-1) - (-1 - -9 - 5).
1381
Let n be (3/(-2) - -1)*-4. Suppose -n*h = -h. Suppose -5*u + 147 = -h*w + 3*w, -2*u = -2*w - 62. What are the prime factors of u?
2, 3, 5
Suppose 0 = 6*o - 10 - 2. List the prime factors of ((-4)/o)/(4/(-124)).
2, 31
Suppose -2*g + 4*b + 624 = -0*g, -2*g - 3*b + 631 = 0. What are the prime factors of g?
2, 157
Let l(p) be the third derivative of p**7/1260 + p**6/720 - p**4/12 + 2*p**2. Let i(z) be the second derivative of l(z). List the prime factors of i(-3).
3, 5
Let x = -18 + 22. Suppose -616 = -11*l + x*l. What are the prime factors of l?
2, 11
What are the prime factors of 2319 + -5*(-54)/(-30)?
2, 3, 5, 7, 11
List the prime factors of (22/84 + (-43)/(-602))*6918.
2, 1153
Let p be 288/1 + 8/(40/(-15)). Suppose 6*h = p + 189. List the prime factors of h.
79
What are the prime factors of (276/9)/((-100)/(-16950))?
2, 23, 113
Let t(y) = -2*y**3 - 16*y**2 + 15*y + 73. List the prime factors of t(-12).
5, 11, 19
Suppose 0 = -3*k + 6*r - 8*r + 829, 4*k - 1136 = 5*r. What are the prime factors of k?
3, 31
Let y(x) = -x**3 + 21*x**2 - 14*x - 76. List the prime factors of y(9).
2, 5, 7, 11
Let c be (0 - -1)/((-1)/5). Let v(y) = -y**3 - 4*y**2 - 6*y + 3. Let p be v(-4). Let i = p + c. List the prime factors of i.
2, 11
Let s = 45 + -25. Let b = 35 - s. What are the prime factors of (-6)/b - 87/(-5)?
17
Let w = -1433 - -4904. What are the prime factors of w?
3, 13, 89
Let l = 396 - -100. List the prime factors of l.
2, 31
Suppose 3187 = 5*y - q - 2482, 2*q = 3*y - 3400. List the prime factors of y.
2, 3, 7
Let h(m) = 322*m + 1. What are the prime factors of h(3)?
967
Let l(z) = -z**2 - 17. Let n be l(0). Let s = -17 - n. Suppose 18 = j + u + u, s = 2*j - 3*u - 50. List the prime factors of j.
2, 11
List the prime factors of 21/(-49) - (-22256)/7 - 1.
2, 7, 227
Let f = -101 + 203. Let y = -27 + f. What are the prime factors of y?
3, 5
Let i(m) = -m**3 - 13*m**2 - 7*m + 4. Let f be i(-12). What are the prime factors of (9*(-35)/84)/(2/f)?
3, 5, 7
Let a(f) = -5*f**2 + f + 9. Let z(t) = -t**2. Let j(q) = -a(q) + 4*z(q). Let p be j(4). Suppose p*k + 0 = 39. What are the prime factors of k?
13
Let x be 3/3*(-4)/(-4). What are the prime factors of ((-19)/19)/(x/(-30))?
2, 3, 5
Let l(b) = b**3 + 5*b**2 + 2*b + 12. Let f be l(-5). Suppose -f*r + 178 = -40. List the prime factors of r.
109
Suppose -5*v = -3*k + 16129, -k - 4*v = -816 - 4583. What are the prime factors of k?
7, 769
Let h(k) = k**3 - 21*k**2 - 20*k - 40. Let m be h(22). Suppose 0*z = z - 2*a - 147, 5*z + m*a = 707. What are the prime factors of z?
11, 13
Let t = 10 + -8. Let f = t + 178. What are the prime factors of f/27 - (-4)/(-6)?
2, 3
Suppose -2*r + 24 = -7*r - 4*u, -3*r - 5*u = 17. What are the prime factors of (624/(-5))/r + 7/(-35)?
31
Let t be 4/(-10) - (-286)/(-10). Let v = 79 + t. Suppose y - v = -3*g, 0 = -4*y + 6*y - 4. List the prime factors of g.
2
Let g be 80/10*(-1)/(-2). Suppose h - 275 = -g*h. What are the prime factors of h?
5, 11
Suppose 80*c - 158607 = 100593. List the prime factors of c.
2, 3, 5
Suppose -34*f = -35*f + 304. List the prime factors of f.
2, 19
Suppose -37*k - a + 26000 = -32*k, -5*k = 4*a - 26015. What are the prime factors of k?
3, 1733
Suppose 0 = -7*s + 13*s - 12. Let f(d) = -6*d. Let t be f(-3). Let z = s + t. List the prime factors of z.
2, 5
Suppose -x - 11989 = -3*r, -2*r = -12*x + 9*x - 7988. What are the prime factors of r?
7, 571
Suppose 0 = 4*i + 4*w + w - 2056, -521 = -i - 3*w. Suppose -t - 227 = -2*t - 3*a, -5*a - i = -2*t. List the prime factors of t.
2, 11
Suppose 6*s + 5*j = 11*s - 1075, -3*j = -s + 225. List the prime factors of s.
2, 3, 5, 7
Let o(y) = 2*y - 7. Let z be o(5). Suppose -x - c + 57 = 0, 5*x + z*c - 281 = -c. What are the prime factors of x?
53
Let p = -29 - -32. Suppose 46 = -p*m + 133. What are the prime factors of m?
29
Suppose 3*v = -v. Suppose 4*w - 26 = -2. Suppose -5*t + w + 24 = v. List the prime factors of t.
2, 3
Let a = -41 + 659. What are the prime factors of a?
2, 3, 103
Let v = 51 + -51. Suppose -7*j = -v - 1666. List the prime factors of j.
2, 7, 17
Let h = 19 + -80. List the prime factors of (2 - h) + (-1 - -3).
5, 13
Suppose 42 - 9 = -3*z. Let r(f) be the first derivative of -4*f**2 - 14*f - 44. What are the prime factors of r(z)?
2, 37
Suppose -5*j + 15 = 0, 5*j = -b - 2*b - 15. Let g(c) = 3*c**2 + 25*c + 20. What are the prime factors of g(b)?
2, 5, 7
Let i be 4/1 - 4/((-4)/(-3)). List the prime factors of 151*(0 - (-2 + i)).
151
Let p be 4/10 + (-185)/25. Let w(o) = o**2 + 5*o - 10. Let h be w(p). Suppose 48 = h*r - 16. What are the prime factors of r?
2
Suppose w = -2*r + 1625, -4*r = -0*w + 3*w - 3255. Suppose -s + 10*s - r = 0. What are the prime factors of s?
2, 3, 5
Let q = 7080 - 4232. List the prime factors of q.
2, 89
Suppose -4*w - 5*o = -3770, -7*w - 5*o = -6*w - 950. What are the prime factors of w?
2, 5, 47
Let a = 12 + -13. What are the prime factors of 103 - -4 - (-2 + a)?
2, 5, 11
Let z = 352 + -116. What are the prime factors of z?
2, 59
Let f(w) = -w**2 - w - 1. Let g(m) = -3*m**2 - 9*m + 1. Let d(h) = -4*f(h) + g(h). Let t be d(7). Suppose -t = 4*o - 127. What are the prime factors of o?
3
Let z(k) = 312*k**2 + 3*k - 21. Let n(d) = -78*d**2 - d + 5. Let j(o) = -9*n(o) - 2*z(o). What are the prime factors of j(1)?
2, 3, 13
Suppose 4*b = -2*p - 12, -4*b - 26 = -0*p - 5*p. Suppose 3*c = 6 + 12. Let u = c - b. What are the prime factors of u?
2, 5
Suppose -27*g + 75525 = 26*g. List the prime factors of g.
3, 5, 19
Let c(d) = d - 7. Let f be c(4). Let q(s) = -62*s + 4 + 115*s - 61*s. What are the prime factors of q(f)?
2, 7
Suppose -3*x - 25425 = -5*b + 789, -26190 = -5*b - 5*x. What are the prime factors of b?
3, 1747
Let k = 81 - -45. Suppose 3*n = n + k. List the prime factors of n.
3, 7
Suppose -4*i - 5*k = -13 - 17, -5*k = 5*i - 40. Suppose i*w + 160 = 1900. What are the prime factors of w?
2, 3, 29
Let n(c) = -c + 1. Let h be n(7). Let v(z) = -z**3 - 9*z**2 - 11*z + 1. Let d be v(-8). Let k = d + h. What are the prime factors of k?
19
Let r = 255 - 163. Suppose 0 = 3*v - r - 40. What are the prime factors of v?
2, 11
Suppose 5*w - 1306 - 579 = 0. What are the prime factors of w?
13, 29
Let x = 130 - -379. What are the prime factors of x?
509
Let b(v) be the first derivative of -v**3/3 - v**2 - 4*v - 1. Let m be b(4). Let j = m + 42. List the prime factors of j.
2, 7
Let v(s) = s**3 + 14*s**2 - 18*s - 11. Let j be ((-18)/(-8))/(6/(-16)). Let g be 223/(-15) - j/(-45). What are the prime factors of v(g)?
2, 17
Suppose 763 = 7*h - 287. What are the prime factors of h?
2, 3, 5
Let a(q) = q**3 + 12*q**2 + 10*q + 4. Let m(p) = -2*p**3 - 25*p**2 - 19*p - 8. Let j(b) = -9*a(b) - 4*m(b). What are the prime factors of j(-6)?
2
Let x = -1109 - -1258. What are the prime factors of x?
149
Let r(k) = -k**2 + 21*k + 16. Suppose 132 = 5*m - v - v, -3*m - 2*v + 76 